8?
8
What is the tens digit of 1035578?
7
What is the units digit of 356100?
0
What is the millions digit of 38110797?
8
What is the units digit of 266176?
6
What is the hundreds digit of 99961?
9
What is the tens digit of 918864?
6
What is the tens digit of 2115296?
9
What is the tens digit of 40415?
1
What is the thousands digit of 99606?
9
What is the hundred thousands digit of 21455837?
4
What is the millions digit of 28382716?
8
What is the ten millions digit of 22918337?
2
What is the units digit of 50623?
3
What is the tens digit of 891232?
3
What is the units digit of 804986?
6
What is the hundreds digit of 816428?
4
What is the hundreds digit of 145048?
0
What is the tens digit of 343963?
6
What is the hundred thousands digit of 9994420?
9
What is the thousands digit of 946038?
6
What is the units digit of 610172?
2
What is the thousands digit of 252249?
2
What is the hundred thousands digit of 306056?
3
What is the hundred thousands digit of 215552?
2
What is the thousands digit of 1923200?
3
What is the hundreds digit of 297660?
6
What is the ten thousands digit of 58357?
5
What is the hundred thousands digit of 37043917?
0
What is the hundreds digit of 7710533?
5
What is the hundred thousands digit of 4009305?
0
What is the hundreds digit of 217069?
0
What is the hundred thousands digit of 208895?
2
What is the hundreds digit of 6201436?
4
What is the ten millions digit of 32913833?
3
What is the units digit of 368834?
4
What is the units digit of 4426535?
5
What is the tens digit of 5385?
8
What is the hundreds digit of 9237718?
7
What is the ten thousands digit of 334477?
3
What is the units digit of 4454384?
4
What is the thousands digit of 45934?
5
What is the ten thousands digit of 3621967?
2
What is the thousands digit of 506768?
6
What is the millions digit of 1780858?
1
What is the hundreds digit of 1770375?
3
What is the thousands digit of 334215?
4
What is the hundred thousands digit of 15767134?
7
What is the tens digit of 4519785?
8
What is the tens digit of 1103427?
2
What is the ten thousands digit of 236115?
3
What is the units digit of 841237?
7
What is the units digit of 17542038?
8
What is the hundred thousands digit of 241652?
2
What is the units digit of 342160?
0
What is the ten thousands digit of 1477021?
7
What is the hundred thousands digit of 1278147?
2
What is the ten thousands digit of 34773?
3
What is the ten thousands digit of 8472852?
7
What is the hundreds digit of 515800?
8
What is the tens digit of 6343308?
0
What is the hundred thousands digit of 11208620?
2
What is the hundred thousands digit of 951009?
9
What is the hundred thousands digit of 5669678?
6
What is the ten thousands digit of 13196342?
9
What is the hundreds digit of 94286?
2
What is the tens digit of 139101?
0
What is the millions digit of 4531926?
4
What is the ten thousands digit of 745624?
4
What is the units digit of 194004?
4
What is the units digit of 475744?
4
What is the tens digit of 2882100?
0
What is the thousands digit of 15065812?
5
What is the ten thousands digit of 4901822?
0
What is the ten thousands digit of 323525?
2
What is the units digit of 6849666?
6
What is the tens digit of 208710?
1
What is the units digit of 28149444?
4
What is the tens digit of 18482902?
0
What is the ten thousands digit of 1114200?
1
What is the units digit of 398410?
0
What is the thousands digit of 914449?
4
What is the tens digit of 3209983?
8
What is the tens digit of 12337277?
7
What is the hundred thousands digit of 559203?
5
What is the units digit of 477750?
0
What is the units digit of 5958752?
2
What is the ten thousands digit of 243154?
4
What is the hundred thousands digit of 273992?
2
What is the millions digit of 9924981?
9
What is the hundred thousands digit of 457328?
4
What is the hundred thousands digit of 348656?
3
What is the tens digit of 953774?
7
What is the units digit of 23822993?
3
What is the hundred thousands digit of 7481644?
4
What is the hundreds digit of 2268209?
2
What is the tens digit of 203913?
1
What is the thousands digit of 3689481?
9
What is the units digit of 174151?
1
What is the ten thousands digit of 3355813?
5
What is the thousands digit of 1024510?
4
What is the tens digit of 2781923?
2
What is the thousands digit of 143547?
3
What is the hundreds digit of 143478?
4
What is the hundred thousands digit of 1222586?
2
What is the ten thousands digit of 1017866?
1
What is the hundred thousands digit of 193628?
1
What is the ten thousands digit of 94168?
9
What is the hundreds digit of 12014027?
0
What is the thousands digit of 215221?
5
What is the ten thousands digit of 1357788?
5
What is the units digit of 12242240?
0
What is the hundreds digit of 6591294?
2
What is the hundred thousands digit of 643746?
6
What is the tens digit of 58645?
4
What is the tens digit of 732291?
9
What is the hundreds digit of 3040744?
7
What is the ten thousands digit of 19408709?
0
What is the ten millions digit of 10825032?
1
What is the hundreds digit of 6286576?
5
What is the tens digit of 399511?
1
What is the ten thousands digit of 8311652?
1
What is the hundreds digit of 2250486?
4
What is the ten millions digit of 17436639?
1
What is the ten thousands digit of 9633652?
3
What is the hundred thousands digit of 340492?
3
What is the ten thousands digit of 9269408?
6
What is the ten thousands digit of 3297154?
9
What is the hundred thousands digit of 3258142?
2
What is the hundred thousands digit of 2036489?
0
What is the millions digit of 3992086?
3
What is the hundreds digit of 7417874?
8
What is the hundred thousands digit of 2689675?
6
What is the hundred thousands digit of 3393043?
3
What is the tens digit of 949549?
4
What is the ten thousands digit of 10277278?
7
What is the ten thousands digit of 281882?
8
What is the millions digit of 25121610?
5
What is the units digit of 316261?
1
What is the hundreds digit of 32011?
0
What is the ten millions digit of 11572331?
1
What is the units digit of 43629441?
1
What is the millions digit of 28805958?
8
What is the hundreds digit of 340515?
5
What is the units digit of 2473873?
3
What is the hundreds digit of 219515?
5
What is the millions digit of 9444462?
9
What is the hundreds digit of 20492036?
0
What is the hundreds digit of 174238?
2
What is the hundreds digit of 2634558?
5
What is the ten thousands digit of 471493?
7
What is the tens digit of 1560525?
2
What is the ten thousands digit of 3177884?
7
What is the hundred thousands digit of 1222037?
2
What is the tens digit of 784376?
7
What is the hundreds digit of 233065?
0
What is the hundred thousands digit of 532643?
5
What is the ten thousands digit of 108184?
0
What is the thousands digit of 3764563?
4
What is the tens digit of 467378?
7
What is the units digit of 216575?
5
What is the thousands digit of 65174?
5
What is the units digit of 1005439?
9
What is the thousands digit of 3526824?
6
What is the ten thousands digit of 210716?
1
What is the hundreds digit of 694658?
6
What is the thousands digit of 9643599?
3
What is the hundred thousands digit of 12066606?
0
What is the hundred thousands digit of 521074?
5
What is the ten millions digit of 11719918?
1
What is the hundred thousands digit of 9728676?
7
What is the ten thousands digit of 542529?
4
What is the hundreds digit of 470314?
3
What is the thousands digit of 2997619?
7
What is the thousands digit of 1058491?
8
What is the units digit of 266207?
7
What is the hundred thousands digit of 5149794?
1
What is the hundreds digit of 517718?
7
What is the hundred thousands digit of 1171236?
1
What is the hundreds digit of 955382?
3
What is the thousands digit of 1178096?
8
What is the tens digit of 20774?
7
What is the hundred thousands digit of 1570332?
5
What is the hundred thousands digit of 9769831?
7
What is the tens digit of 4598?
9
What is the hundreds digit of 2245558?
5
What is the hundreds digit of 150759?
7
What is the hundreds digit of 15267?
2
What is the millions digit of 6010758?
6
What is the hundreds digit of 14935927?
9
What is the thousands digit of 1000704?
0
What is the thousands digit of 5729379?
9
What is the tens digit of 10054421?
2
What is the units digit of 34558278?
8
What is the hundred thousands digit of 784454?